Let w be (-7)/56 - 1299/(-24). Let d be (2 - 0)/(18/w). Suppose m + 1155 = d*m. List the prime factors of m.
3, 7, 11
Let v = -69320 - -100211. List the prime factors of v.
3, 7, 1471
Let f(l) = 2*l**3 + 27*l**2 - 10*l - 18. Let x(u) = -8*u**3 - 110*u**2 + 41*u + 74. Let v(o) = -9*f(o) - 2*x(o). What are the prime factors of v(-12)?
2, 31
Suppose -173553 = -4*a - 5*c, 169219 = 3*a + 2*c + 39056. List the prime factors of a.
43, 1009
Let p = -231 + 1617. Let c = p + -247. List the prime factors of c.
17, 67
Let x = -107 + -1245. List the prime factors of x*(72/252 - (-11)/(-14)).
2, 13
What are the prime factors of (1729/(-39))/(-7)*3*685?
5, 19, 137
Suppose -9*u + 3*p + 546024 = 0, -14*u = -18*u - 3*p + 242673. What are the prime factors of u?
3, 7, 107
Let d(s) = -35*s - 47. Let j be d(-11). Let g = j - -246. List the prime factors of g.
2, 73
Suppose -4*v - 5*c + 45 = 0, -38 = -v - 3*v + 2*c. Let q = -33 + v. Let z = 143 + q. What are the prime factors of z?
2, 3, 5
Suppose 6*g - 7 - 11 = 0. Let s be -2 - -2*432/g. Suppose 2*y + 258 - s = 0. What are the prime factors of y?
2, 7
Let s(o) = 0 + 4 + 51*o - 2 - 9. Let x = 3 + -1. List the prime factors of s(x).
5, 19
Let t(j) = -3763*j + 88. List the prime factors of t(-1).
3851
Suppose -4*l - 2*f = -6, 8*f + 3 = -4*l + 3*f. Suppose l*i - 4*g - 1350 = 0, -2*g = -4*g + 6. List the prime factors of i.
2, 227
Let h = 28 + -25. Let j be (763/(-21) + -3)*h/(-2). Let g = 63 - j. What are the prime factors of g?
2
Suppose 8*k + 16 = 12*k. Suppose -3*m = -r + 7, 4*m - 4*r = -0*m + k. What are the prime factors of (1*2/m)/((-3)/216)?
2, 3
Let c(w) = 12*w**2 + 3*w - 17. Let a(k) = 2*k**2. Let l(p) = -5*a(p) + c(p). List the prime factors of l(12).
307
Let t(l) = -2*l**2 + 30*l + 23. Suppose 2*f = -2*o + 28, 3*o + 48 = 5*f - 30. List the prime factors of t(f).
23
Let x be (14314/51)/((-6)/(-9)). Suppose 0 = x*n - 428*n + 6538. What are the prime factors of n?
2, 467
Let v(t) = 12*t**3 + 3*t**2 + 22*t - 88. List the prime factors of v(5).
1597
Let k(a) = 350*a**2 - 61*a + 287. List the prime factors of k(5).
2, 37, 59
Let u = -856 - -852. Let x = 9 + -6. What are the prime factors of 65 + x + u/2?
2, 3, 11
Suppose 253*r + 7541 = 256*r - b, b - 7537 = -3*r. List the prime factors of r.
7, 359
Suppose -5*n = -5*r - 14 - 1, -3 = -3*r. Suppose 6*f = 2*f + 2*l + 2442, -2460 = -4*f - n*l. What are the prime factors of f?
2, 3, 17
Let v be (-232)/6*6/4. Let t = v - -60. What are the prime factors of -186*t*(-1)/((-12)/(-2))?
2, 31
Let w(s) be the third derivative of 4*s**4/3 + 5*s**3/3 - 2*s**2. Let k be 112/20 + (40/50)/2. What are the prime factors of w(k)?
2, 101
Suppose -5*p = d - 13687, 8*d - 13*d + 68300 = -2*p. What are the prime factors of d?
2, 3, 11, 23
Let z = 7255 - 4654. List the prime factors of z.
3, 17
Let k(f) = 3937*f - 522. List the prime factors of k(4).
2, 23, 331
Suppose 32404 = 16*x - 79358 + 19410. What are the prime factors of x?
2, 3, 13, 37
Let p(u) be the first derivative of 43*u**2/2 - 49*u - 72. What are the prime factors of p(6)?
11, 19
Suppose 2*a - 19606 = -4*k, -k - 29388 = -13*a + 10*a. What are the prime factors of a?
97, 101
Let v be -1*(5 + 0/5). List the prime factors of v + 83193/44 - (-2)/8.
2, 23, 41
Suppose -227888*u - 525480 = -227903*u. List the prime factors of u.
2, 29, 151
List the prime factors of (-200920)/(-64) + 18/(-48).
43, 73
List the prime factors of (-62556)/(36/(-3)) + -11.
2, 3, 17
Suppose 1603 = 7*b + 4165. List the prime factors of (-2 + 2/(-6))/(2/b).
7, 61
Let f = -45 + 53. Let a be f/6*(-30)/(-4). Let i = a + 57. List the prime factors of i.
67
Let t = 136270 + -78274. What are the prime factors of t?
2, 3, 179
Let h(u) = u**2 - 4. Let w = -81 + 79. Let m be h(w). Suppose 0 = 5*q - y - 160, y + m*y = 2*q - 67. What are the prime factors of q?
31
List the prime factors of 16 + 620*(-200)/(-10).
2, 97
Let x be (3 - -6) + -2 - -4708. Suppose -21*f + x = -2551. List the prime factors of f.
2, 173
Let r(p) = p + 41. Let b(a) = a**2 - 16*a + 14. Let f be b(18). Let i = f + -33. What are the prime factors of r(i)?
2, 29
Let u = 4862 - -621. Suppose -x = -j + 1013, -3*x + u = 4*j + 1403. List the prime factors of j.
3, 113
Suppose -2*s - 2*c = -63596, 4*s - 3*s = 4*c + 31813. List the prime factors of s.
7, 11, 59
Let r(o) = -3*o**2 - 5*o + 8. Let v be r(6). Let k = 2 - v. Suppose -4*p + k = 5*i, -5*i + i - 5*p = -111. What are the prime factors of i?
2, 3
Suppose -z + 6372 + 94287 = 12*z. What are the prime factors of z?
3, 29, 89
Suppose 0 = -4*f + 12*f - 6*f - 7888. What are the prime factors of f?
2, 17, 29
Suppose -6 = -7*d + 4*d, -4*f - 4*d = -1016. Suppose -f*p - 426 = -253*p. List the prime factors of p.
2, 3, 71
Suppose 9*y - 80214 = -5*a + 8*y, -3*y + 64169 = 4*a. List the prime factors of a.
61, 263
Suppose -6142 = -2*o - 4*u, -4*o + 4*u = -190 - 12094. What are the prime factors of o?
37, 83
Let r(g) = -g**2 - 11*g. Let n be r(-10). What are the prime factors of -61*n/4*26/(-13)?
5, 61
Let r be 3397/301 - -2*(-1)/7. Suppose 0 = 2*f + 4*k - 68, 14*f - 3*k - 102 = r*f. Suppose 10 = -3*z + f. What are the prime factors of z?
2
Let z(m) = -55*m + 1414. What are the prime factors of z(-88)?
2, 53, 59
What are the prime factors of ((-50)/16 - -3) + 133977/136 + -13?
2, 3
Suppose -4*v + 350 + 66 = 0. Let s(p) = 3*p**2 - 18*p. Let z be s(6). Suppose z = 3*i - 67 - v. List the prime factors of i.
3, 19
Let o(d) be the third derivative of d**6/120 - d**5/4 - 3*d**4/4 + 23*d**3/6 - 9*d**2. Let y be o(16). Let g = 17 + y. What are the prime factors of g?
2
Let m(x) = -x**3 + 2 - 3*x**3 - 11*x**2 + 4*x**2 + 6*x + 5*x**3. Let d be m(6). Suppose -d*l = 3*l - 170. What are the prime factors of l?
2, 17
Suppose -6*z + 88 = 5*z. Let r be (z/12)/((-3)/(-27)). Suppose 0 = -r*d + 154 + 20. List the prime factors of d.
29
Suppose 0 = -3*h - 12, 5*q + 2*h + 2*h = -36. Let b be (26/13)/((-2)/q). Suppose -b*c = 2*c - 660. What are the prime factors of c?
2, 5, 11
Suppose 280460 = 112*p - 6*p - 178838. What are the prime factors of p?
7, 619
Let i(z) = z**2 + 195. Let b be i(0). Suppose 2*p - 5*y - 233 = 0, 3*p = 5*y + 178 + 174. Let u = b - p. What are the prime factors of u?
2, 19
Suppose -t + 2*j = 5*j - 9, -2*t + 42 = -2*j. What are the prime factors of 443 + t - 2*-1?
463
Let l be 12/16*128/12. Suppose -2*r - 4*j = -276, r - l*j = -9*j + 140. What are the prime factors of r?
2, 71
Suppose -3*z = -2*a - 44256, 13760 = -3*z - a + 57998. List the prime factors of z.
2, 3, 1229
Let g = 160843 + -82695. What are the prime factors of g?
2, 7, 2791
Suppose 3*u = 14*m - 12*m + 19785, -2*u + 6*m = -13218. What are the prime factors of u?
3, 13
Suppose 4*s = -3*o + 73560, 732*o + 98052 = 736*o - 4*s. List the prime factors of o.
2, 3, 227
Suppose 0 = -3*n - 15, 2*s - 130065 = -445*n + 448*n. What are the prime factors of s?
3, 5, 17
Let j(m) = 736*m + 3. Let f(d) = 368*d + 2. Let w(b) = 7*f(b) - 4*j(b). List the prime factors of w(-1).
2, 5, 37
Let a(s) = 2*s**3 - 10*s**2 + 17*s - 23. Suppose 8 = -4*c - 2*r + 28, c - 5 = 5*r. Suppose 37 = c*b + 2. What are the prime factors of a(b)?
2, 73
Suppose -460*m = -456*m - 4*t - 10892, -2*m - 3*t = -5451. What are the prime factors of m?
2, 3, 227
Suppose 0 = 4*r + 12, 3*r + 645 = 10*w - 8*w. Let b = 565 - w. What are the prime factors of b?
13, 19
Let m(y) = -y**3 - 21*y**2 + y + 35. Let z = 57 + -78. Let j be m(z). Suppose 0 = g - j*g + 1404. List the prime factors of g.
2, 3
Suppose 4*h - 83022 = -2*a - 16150, 0 = 2*a + 3*h - 66879. What are the prime factors of a?
2, 3, 5, 223
Suppose -4*k + 79167 = -2*r + 7*r, -59418 = -3*k + r. What are the prime factors of k?
3, 7, 23, 41
List the prime factors of (4925/3)/((-16)/(0 + -864)).
2, 3, 5, 197
Let y(l) = 86067*l**3 + 4*l**2 - 55*l + 52. What are the prime factors of y(1)?
2, 21517
Suppose 5*b = -a - 14, -4*a + 9 = -4*b - 7. List the prime factors of 4*-3*193/b.
2, 193
Let p(g) = 24*g**2 - 384*g - 1531. List the prime factors of p(-4).
389
Let b = -6426 - -13725. What are the prime factors of b?
3, 811
Let b = 715 + -723. List the prime factors of (51342/344)/((-2)/b).
3, 199
Let j be 0 + 1 + -2 - 0. Let v be 3 - 0/(j + 0). Suppose -2*u + 2*z + 176 = 0, -v*z = u - 0*z - 108. List